 prime?
False
Is (4 - -263) + (0 - 2) a composite number?
True
Let m = -5 - -5. Suppose m = q - 3*q - 12. Is -2 + 67 + 3 + q prime?
False
Let x(i) = -5*i. Let z be x(4). Let d = 0 - 1. Is d*(z - (-2 + 1)) composite?
False
Let d = 3536 - 2323. Is d a composite number?
False
Suppose 17 = 2*p + 19. Let t(o) = -2*o**2 + 4*o + 2. Let j be t(4). Let k = p - j. Is k composite?
False
Let f(o) = 3*o**3 + 2*o**2 - o. Let j be f(1). Suppose -2*q - j*r = -216, 2*q = -0*q - 2*r + 226. Is q prime?
False
Suppose 5*q + 3*f - 2*f + 2143 = 0, 5*q - 5*f = -2155. Let u = 662 + q. Is u a composite number?
False
Let q(a) = 487*a**2 - 7*a + 5. Is q(-3) composite?
False
Let c be (430/(-20))/(1/(-4)). Suppose -4*o = c - 234. Is o composite?
False
Let q = -9 + -119. Let t = 63 - q. Is t composite?
False
Suppose -5*s = 4*k - 8*k + 4, -2*s - 28 = 5*k. Is 825/2 + (-2)/k a prime number?
False
Suppose -2*s - r + 2*r + 9 = 0, 2*r = 2*s - 8. Let f(q) = q**2 + 6*q + 6. Let y(j) = j**2. Let h(o) = f(o) - 2*y(o). Is h(s) prime?
True
Let s(h) = 6 + 4*h**2 + 3*h + 4 + 0*h**2. Is s(-9) prime?
True
Let z = 243 + -116. Is z a prime number?
True
Is -1 + 8515/10 + (-2)/(-4) a composite number?
True
Let m(u) = -u**3 + 6*u**2 + 8*u - 6. Let h be m(7). Let a(t) = -5*t + 1. Let r be a(h). Is (r - -3)/(2/(-314)) a composite number?
False
Let g(m) = -3*m. Let x be g(-5). Suppose 0*y + 5*y - x = 0. Suppose 5*z - 938 = -y*t, 4*t + 410 = 5*z - 521. Is z prime?
False
Let a be (-52)/(-8) + 2/(-4). Suppose -a = -0*c - c - h, 0 = -4*c - 5*h + 27. Suppose 189 = c*l - 42. Is l prime?
False
Let h(m) = -61*m - 55. Is h(-12) a composite number?
False
Let z = -772 - -1185. Is (-6)/(-15) - z/(-5) composite?
False
Let p(l) = -l**3 - 8*l**2 + 8*l - 2. Let z be p(-9). Suppose -1 = 4*o + z. Is o/(292/(-145) + 2) composite?
True
Let r = 101 - -48. Is r prime?
True
Suppose 5*u - s = 1113 + 659, -9 = -3*s. Is u a composite number?
True
Suppose -q + 137 - 22 = 0. Suppose -5*u + q + 80 = 0. Is u a composite number?
True
Let d(j) = j - 1. Let z(i) = -i**2 - 7*i - 2. Let b(x) = -6*d(x) + z(x). Let y be -4 + -2 + 1 + -2. Is b(y) a prime number?
False
Suppose 4*a = 8*a - 280. Suppose -v - v = -a. Is v composite?
True
Let b be (6/(-9))/((-1)/6). Is 99/b - 3/(-12) a prime number?
False
Is (750 - -4)*2/4 composite?
True
Suppose 704 = 4*q - 160. Let h(k) = 4*k**3 + 2*k**2 - 1. Let w be h(2). Suppose 2*j + 8 = 0, 5*z + 5*j = w + q. Is z a composite number?
True
Let q(p) = 4*p**2 + 1. Let i = -4 - -5. Let f be q(i). Is (38/f)/(5/25) composite?
True
Suppose -7*w + 6*w = -58. Is w a prime number?
False
Suppose 3*l = -3*r + 9, 0*l + 4*l - 24 = 2*r. Suppose l*i - 50 = 5. Suppose i = 3*b + 2. Is b prime?
True
Let n(l) = l**2 - 2*l + 3. Let a be n(2). Suppose a*z = z + 604. Is z composite?
True
Let u(i) = 29*i**2 - i. Let b be u(1). Let y be 120/b + (-2)/7. Is 29 - (-4 + (y - 2)) composite?
False
Let d = 59 + 18. Is d a prime number?
False
Let q = -101 - -192. Is q composite?
True
Let l(k) = 99*k**3 - 6*k**2 + 2*k - 1. Is l(4) a prime number?
True
Let a = 785 - 376. Is a composite?
False
Let h(g) = 621*g**2 - 3*g - 1. Is h(-1) prime?
False
Suppose 5*x = 3*w - 17, -w + 12 = -5*x - 7. Let g be -11 - (-2 + w)/3. Is 4/g - 17/(-5) composite?
False
Is (-4)/(12/(-771))*1 a composite number?
False
Let h be 1086/4*98/21. Suppose 5*o = o - v + h, -o + 314 = 3*v. Is o prime?
True
Let i(p) = -p**3 + 7*p**2 + 7*p - 7. Let y be i(8). Let z = y - -2. Let c = 44 + z. Is c prime?
True
Let w(u) = -5*u + 2*u + 3*u**2 - 2*u - 9. Is w(8) prime?
False
Suppose 7*f - 20 = 2*f. Suppose 4*a - 1 = 3*j + 4, -f*a + 11 = 3*j. Is -57*(j + 12/(-9)) prime?
True
Let p = 51 - 29. Is -2*p*7/(-14) a prime number?
False
Suppose 3*g - 9760 = -5*u - 2*g, 0 = 4*g - 16. Suppose -3*c - c = -u. Is c prime?
True
Let k = 177 - -74. Is k prime?
True
Let z(u) = 4*u + 1. Is z(13) a prime number?
True
Let i = 48 + 98. Suppose -93 = -p - 4*o, 184 = 4*p - 5*o - i. Is p a composite number?
True
Let u(w) = -w**2 - 4*w + 6. Let g be u(-5). Let h be (7 + 0 + 1)/g. Suppose 3*x = h*x - 195. Is x a prime number?
False
Suppose 3*t - 2*f - f - 108 = 0, -3*f = 3*t - 78. Is t prime?
True
Let o = -81 - -242. Is o prime?
False
Suppose 0 = l - 35 + 1. Is l a prime number?
False
Is (1956/24)/((-2)/(-4)) prime?
True
Let c(y) = y**2 + 6*y. Let g be c(-6). Suppose 0 = 2*o - o + 1. Is o + g - 69/(-3) composite?
True
Let p = 0 + 0. Let a(z) = z - 7. Let f be a(5). Is p - ((f - -2) + -7) a prime number?
True
Suppose 2*r + n - 2896 = 0, -r - n = 3*r - 5794. Suppose 404 - r = -5*z. Is z prime?
False
Let j(h) = -h - 4. Let v be j(-10). Let z(a) = -a**3 + 9*a**2 - 4*a + 2. Is z(v) a prime number?
False
Let k = -2 - -28. Suppose -c + 9 = -k. Is c composite?
True
Is (15/(-3))/(1/(-101)) a composite number?
True
Let w(z) = z - 18. Let l(c) be the third derivative of -17*c**3/6 - c**2. Let j(t) = 7*l(t) - 6*w(t). Is j(-8) a composite number?
False
Is (4/(40/13835))/(1/2) a prime number?
True
Let i(t) = t**2 - 7*t + 10. Is i(7) composite?
True
Suppose -4*z - 3*g + 1199 = 0, -512 = -4*z + 5*g + 679. Let s = z + -186. Is s composite?
False
Let j = -3 - 3. Is 94/4 + 9/j a prime number?
False
Let s(z) = 5*z + 1. Suppose 2*v - 17 = -3. Let q(j) = j**2 - 5*j - 8. Let r be q(v). Is s(r) composite?
False
Let p(x) = 272*x - 1. Is p(3) composite?
True
Let x = -455 - -1510. Is x a prime number?
False
Let q(n) = 112*n**2 - 2*n. Let g be q(2). Suppose -g = -c + 5*h, 4*c - 833 = 2*c - h. Is c composite?
False
Suppose n - 536 = -45. Is n a prime number?
True
Let u(p) be the second derivative of 15*p**3 - p**2/2 - p. Is u(1) a composite number?
False
Let y = -167 + 381. Suppose 164 - 40 = 2*c. Suppose y = 4*x + c. Is x a composite number?
True
Let t(f) = 4*f**2 - 8*f + 1. Is t(9) prime?
False
Let m(p) = 301*p**2 + p + 7. Is m(2) a prime number?
True
Suppose 7*b = 3*b + 1788. Is b prime?
False
Suppose p = 4*a - 198 - 45, -3*p = a + 755. Let z = 402 + p. Suppose -z = -4*c - 3*h, -144 = -4*c + 2*h + 2*h. Is c a prime number?
True
Let c(o) = 47*o + 1. Is c(3) prime?
False
Let o be 3 - (1 + -1 - -6). Let z be o - (2*-3 - -3). Is (97 - z) + -7 + 7 prime?
True
Is 127 + -8*(-2)/(-16)*4 a composite number?
True
Let w(o) = -2*o + 11. Suppose -5*d = -3*u - 49, 6*d - 2*d - u - 35 = 0. Let f be w(d). Is 10*f*(-2)/4 prime?
False
Let x be 2/(4/8*2). Is (-2)/(-4)*79*x composite?
False
Let p(n) = 580*n - 3. Is p(2) prime?
False
Let n = -9 - -27. Let q be 0/((-6)/(0 - -3)). Suppose -m - n + 53 = q. Is m prime?
False
Suppose -3*i + 918 - 39 = 0. Is i a prime number?
True
Let s(w) = -w - 2. Let n be ((-17)/(-5) + -3)*20. Let j be (-2)/(-4) + (-44)/n. Is s(j) a composite number?
False
Suppose 4*p = p + 381. Is p composite?
False
Suppose -15 = -3*c, m + 3*c = 39 - 17. Is m composite?
False
Let o = -242 + 163. Let t = 132 - o. Suppose -t = -4*b + a, 0*b + 3*a - 268 = -5*b. Is b a composite number?
False
Suppose -304 + 56 = -2*u. Let z = u - 71. Is z composite?
False
Is 12/3 + (9 - -2) a composite number?
True
Let t(q) = 11*q - 4. Let g(f) = 32*f - 13. Let i(b) = 2*g(b) - 7*t(b). Is i(-5) a prime number?
True
Let y(w) = 4*w**2 + 5*w - 4. Let o(c) = -3*c**2 - 5*c + 3. Let g(l) = 6*o(l) + 5*y(l). Is g(-3) prime?
True
Suppose 0 = -3*k + 4*k, -5*n = -k - 15. Suppose -z = -2*z + n. Suppose -z*s + 169 = -5*t, 3*s = -3*t + 14 + 139. Is s a prime number?
True
Let g be (-7)/(-1) - 10/(-5). Suppose 0*s = 3*s - g. Suppose -2*l = -s*p + 1015, 0*p + 5*l = -4*p + 1315. Is p a prime number?
False
Let r = 72 + -133. Let n = 54 - r. Is n composite?
True
Let q be (-3)/6 - 260/(-8). Suppose -3*v + 61 = -4*c, v - 3*c - q = -5. Is v composite?
True
Suppose 2*i + 1 + 1 = 0, -3*s - 5*i + 1336 = 0. Is s a composite number?
True
Let n(y) = 50*y - 3. Is n(2) a prime number?
True
Let r(c) = -c**3 - 9*c**2 - 10*c - 11. Let l be r(-8). Suppose 3*h = -2*h - l*g, 20 = -4*g. Suppose -h*v = -4*i - 179, -3*v + 19 = -i - 87. Is v prime?
False
Let d be (-9)/((-6)/2) + -3. Suppose d = -5*s + 515 + 140. Is s a prime number?
True
Let i(h) = -h**3 - 14*h**2 - 12*h + 10. Let m be i(-13). Is m*8/12 + 21 composite?
False
Let a(i) = 2*i**2 + 5*i - 8. Is a(3) composite?
True
Let l be ((-4)/10)/(2/(-10)). Suppose j - 6 = -l*m - 0*j, -4*j = -4*m + 36. Suppose -2*k = -k + m*h - 495, 4*k - 19